8 + l**3/2 - l**2 - 3*l. Let b(o) be the first derivative of p(o). What is b(j)?
12
Let m(c) be the second derivative of -c**4/12 + 11*c**3/6 + 7*c**2 - 2779*c - 1. What is m(6)?
44
Let g be 4/10 - (-36)/10. Let c be g/(-2)*(-6)/(-18)*-3. Let v(p) = 4*p + 7. Let y(t) = -9*t - 16. Let z(q) = -14*v(q) - 6*y(q). Determine z(c).
-6
Let h(q) = -12*q + 17. Let u(o) = -7*o + 9. Let k(w) = 3*h(w) - 5*u(w). Let s = 11 + -15. Let y = s - -11. Give k(y).
-1
Let x(b) = -b**3 - 3*b**2 + 5*b - 1. Let v be x(-4). Let n(i) = -2 - 1 - 11 + 1 + 790*i - 791*i. Calculate n(v).
-8
Let t(w) = -w**3 + 2*w**2 + 2*w + 2. Let f be t(3). Let m(r) = -r**3 - 12*r**2 - 14*r - 28. Let z be m(-11). Let d(a) = 3*a - z*a + a + 14*a**2. Calculate d(f).
15
Let x(w) be the second derivative of w**4/24 - w**3/6 - 135*w**2/2 - 176*w. Let f(l) be the first derivative of x(l). Determine f(-4).
-5
Let n(r) be the second derivative of -r**4/12 - 25*r**3/6 + 27*r**2/2 - 3672*r. What is n(-26)?
1
Suppose -11*p + 46 = 12*p. Let w(i) = 6*i + i**p + i + 2 - 17 + 23. Determine w(-7).
8
Let l(n) = n - 3. Let i be (-48)/(-10) + 4/20. Suppose -233*u + 25 = -228*u. Suppose u*t - 90 = -i*t. Determine l(t).
6
Let a(d) be the first derivative of d**4/12 + 7*d**3/6 - 3*d**2/2 + 10*d + 76. Let l(v) be the second derivative of a(v). What is l(9)?
25
Let g = -3089 + 3104. Let p(f) = -f**2 + 14*f - 1. Give p(g).
-16
Let u(n) = -14*n + 17. Let z(o) = 5*o - 6. Let j = 60 + -71. Let b(r) = j*z(r) - 4*u(r). Let i be (-6)/(-30) + 16/20. Determine b(i).
-1
Let g(z) = 436*z + 264. Let r(t) = 126*t + 88. Let j(l) = 2*g(l) - 7*r(l). What is j(-9)?
2
Suppose 2 = 3*h + 47. Let a = -11 - h. Let g(z) = -10*z + 46. Let y(k) = -5*k + 19. Let u(f) = 2*g(f) - 5*y(f). What is u(a)?
17
Let y = -393 + 398. Suppose -o + y*s - 11 = 5, 14 = o + 5*s. Let p(h) be the second derivative of -7*h**4/4 - h. What is p(o)?
-21
Let o(l) = -19*l**2 - 1. Let u(b) = b - 1. Let v be 1/(-2)*(-20 - -20). Let w be u(v). Give o(w).
-20
Let d(g) be the first derivative of -g**4/4 + 5*g**3/3 - 7*g**2/2 + 4*g + 2314. Give d(4).
-8
Let z(p) = 690 - 2*p - 1348 + 660 + p. Let l be 51/(-7) - 8/(-28). Calculate z(l).
9
Let k(h) = h**3 - 5*h**2 + 3*h - 9. Let z(l) be the first derivative of l**3/3 + 25*l**2/2 + 161*l + 54. Let c be z(-12). Calculate k(c).
6
Let n(l) = l**3 + 6*l**2 + 5*l - 1. Let j be (16/(-12))/((-576)/(-2160)). Determine n(j).
-1
Let f(c) be the third derivative of c**4/8 - 4*c**3 + 2*c**2 - 223*c + 3. Determine f(11).
9
Let l(q) = 17*q - 732. Let b(i) = -48*i + 2074. Let p(g) = 6*b(g) + 17*l(g). Let a be -4 + 2 - (0 - 10). Let z be (-3)/(3/a) + 2. What is p(z)?
-6
Let o(k) = 2*k**2 + 5*k - 30. Let q = -4452 - -4447. Calculate o(q).
-5
Let k(m) = -4*m + 3. Suppose 7*j = 23 + 12. Suppose -8*r - z + 98 = -3*r, -z - 92 = -j*r. Suppose -4*s - u = -r, -39 + 14 = -4*s - 3*u. Determine k(s).
-13
Suppose -18*c + 23*c = 10. Let s(g) be the first derivative of 2*g**3/3 + 3*g**2/2 - 3*g + 140. Determine s(c).
11
Let l(r) = -2*r - 10. Let b be l(-7). Let w(a) = -2*a + 37. Let y(h) = -8*h + 172. Let x(s) = -14*w(s) + 3*y(s). Calculate x(b).
14
Let t(i) = -3*i**2 - i - 2. Let s(d) = 3*d**2 + d + 1. Let z = -115 + 118. Let m(o) = z*s(o) + 2*t(o). Determine m(-2).
9
Let y(z) = 3*z**2 - 5*z - 10. Let n(j) = j**2 - 2*j - 4. Let k(p) = -8*n(p) + 3*y(p). Let g(w) = -10*w**2 - 2*w - 24. Let o(a) = g(a) + 12*k(a). Give o(-7).
28
Let n(z) = -66*z + 63*z - 2*z**3 + 3*z**3 + 2*z**2 - 1. Let l(d) = -7*d + 1. Let y be l(-3). Suppose -3*p + y*p = -38. Give n(p).
5
Let s(i) = 3*i**3 - 3*i**2 - 18*i - 2. Let u(v) = 2*v**3 - 2*v**2 - 13*v - 3. Let x(n) = 3*s(n) - 4*u(n). Determine x(4).
46
Let a(x) be the third derivative of -x**5/60 + x**4/12 + 17*x**3/6 + 26*x**2 + 6*x + 3. Give a(5).
2
Let u(o) = o**3 - 15*o**2 + 8*o + 4. Suppose -221*w + 218*w + 54 = -2*x, -76 = -5*w + x. Determine u(w).
-80
Suppose -w - 10 = -2*i, -i - 13*w = -11*w - 15. Suppose 16 = 5*c - y, -4 = -i*y + 6*y. Let t(u) = -12*u + 2. Determine t(c).
-46
Let r(v) = -v**2 + 10*v + 2. Let s(q) = -36*q + 42. Let j be s(5). Let d = j + 145. Calculate r(d).
23
Let m(l) = -45 + 12*l - 44 + 39 - 34 - 11. Calculate m(8).
1
Let r(a) = 41*a**3 - 24*a**2 - a - 4. Let i(j) = -75*j**3 + 46*j**2 + 10. Let l(f) = -6*i(f) - 11*r(f). Calculate l(-13).
10
Let m(n) = -4*n**2 + 7*n - 14. Let z(l) = l**2 + l. Let g be (-36)/27 - (-1 + (-4)/(-6)). Let r(s) = g*m(s) - 5*z(s). What is r(-12)?
14
Let j(p) = 2075319*p**2 - 28 - 2075332*p**2 + p**3 - 5*p + 16. Determine j(12).
-216
Let s(x) = 565*x**2 - 32*x - 32. Let g(n) = -353*n**2 + 21*n + 20. Let d(v) = 8*g(v) + 5*s(v). Let z = 0 - 7. Determine d(z).
-7
Let k(o) = -2 + 34*o**3 + 3*o**2 - 30598*o + 30598*o. Give k(1).
35
Let t(d) = -d**2 + 11*d - 26. Let o be (0 + 8)*(1/(-6) - 8/(-12)). What is t(o)?
2
Let m(p) be the second derivative of 7*p**4/6 + 31*p**3/6 - 31*p**2/2 + 1196*p - 1. Determine m(1).
14
Let f(c) = -c**3 - 12*c**2 + 30*c + 32. Let m be f(-14). Suppose -4 = -2*j + m*t, -4*t - 46 = 4*j + j. Let z(q) = q**3 + 7*q**2 + 6*q + 3. Calculate z(j).
3
Let w(h) = -h**3 + 11*h**2 + 13*h - 47. Let t(s) = -s**2 - 16. Let b(c) = 3*t(c) - w(c). Calculate b(15).
29
Let v = 7275 - 7272. Let d(n) = -12*n - 2. Give d(v).
-38
Let v(a) = -2*a - 24. Let x(u) be the first derivative of -2*u**3/3 + 15*u**2/2 + 54*u + 164. Let o be x(-3). Calculate v(o).
-6
Let y(x) = -2*x + 13. Let l be y(8). Let k be (l/9)/(((-15)/54)/5). Let a(t) = -t - 4*t - t**2 - 2*t**2 + k + 2*t**2. What is a(-6)?
0
Let l(u) = 7*u + u**2 - 19*u + 0*u**2 + 6*u + 7. Suppose -o - 3 = 0, 2 = 3*t - 3*o + 8. Let x be t*(-4)/(-70) - 116/(-14). Determine l(x).
23
Let g(a) = -3*a + 13 + 3*a**2 + a**3 + 2*a - 12. Let o be g(-3). Let d(k) = 4*k - o - k**2 + 20 - 13. Give d(4).
3
Let i(j) = -10*j**2 - j. Let q(z) = -9*z - 6*z - 1 + z**2 + 0*z**2. Let h be q(14). Let x be 2 + (10/h)/((-2)/(-9)). Determine i(x).
-9
Let k(c) = 14*c + 58. Let h = -5074 - -5068. Determine k(h).
-26
Suppose -495*q = -500*q + 4*g + 156, 123 = 4*q - 5*g. Let d(z) = -z**3 + 33*z**2 - 32*z + 5. Calculate d(q).
5
Let a = 4 + -3. Let w = a - 0. Let f(t) be the second derivative of -7*t**5/10 - t**2/2 + 422*t. What is f(w)?
-15
Let o(d) be the second derivative of -3/2*d**2 + d**3 + 19 + d. What is o(5)?
27
Let o(z) be the first derivative of z**4/4 + z**3/2 - 3*z**2/2 + 12*z + 57. Let h(j) be the second derivative of o(j). Suppose 4 = -5*y - 16. Determine h(y).
-21
Let n = -452 + 467. Let r(b) = 11*b - 153. Let y be r(n). Let a(v) = -v**3 + 11*v**2 + 13*v - 16. Give a(y).
-4
Let f(a) = 0*a**2 - 2 + 14*a - 7*a + a**2. Suppose -3*n + 18 = -3*z, -z = -5*n + 3*z + 27. Let g be (14/n)/(364/(-42) - -8). Determine f(g).
-2
Suppose 4*k - 300 = 4*z, -5*z = 2*k - 6*k + 304. Let j(q) = -q**2 + k + 15*q - 4*q - 68. Give j(5).
33
Suppose 17 = 4*t + 5. Suppose 20 = 5*s - t*d, -4*s - 5*d - 27 = -6*s. Let v(w) be the second derivative of w**5/20 - w**4/12 + w**3/3 - w**2/2 - w. Give v(s).
1
Let w(v) = 1341*v + 6703. Let u be w(-5). Let r(p) = -28*p - 6. Give r(u).
50
Suppose -10 = 5*x + 25. Let b(y) = y + 10*y**2 + y**2 + y**2 - y**3 + 3 - 2*y**2. Let n(w) = w**3 - 11*w**2 - 2*w - 3. Let m(r) = x*b(r) - 6*n(r). Give m(3).
3
Let u be (-2 - -1)*(0 - 11). Suppose 5*t - 51 + u = 0. Let z(j) = -25*j + 5. Let p(x) = 58*x - 8. Let d(n) = -3*p(n) - 7*z(n). Give d(t).
-3
Suppose -2*l = -4*d - 12, -3*d + 17 = 5*l - 0*d. Let x be 489/(-45) - l/30. Let i(b) = 2*b + 23. Give i(x).
1
Let w be 114/(-15) - (-9)/15. Let m be (-2)/((7/w)/(1*-3)). Let f be (-3 - (-4 + -3)) + m. Let g(s) = s + 4. Calculate g(f).
2
Let t(g) = -2*g**2 + 34*g + 46. Let v = -14080 - -14098. Calculate t(v).
10
Let p(o) = -4*o - 5. Let x = 3905 - 3888. Give p(x).
-73
Let s(a) = a**3 - 7*a**2 - a + 2. Let q(z) = 2*z**2. Let p be q(1). Let d = 5 - p. Suppose w + d*m = -0*w - 8, -10 = 2*m. Calculate s(w).
-5
Let r(a) = a**3 - 15*a**2 - 2*a + 11. Let p = -2583 + 2598. Give r(p).
-19
Let c(o) = 765 + 742 + o + 761 - 2325. What is c(-8)?
-65
Let i(u) = -22*u**2 + 4 - 9*u - u**3 + 22*u**2 + 9*u**2. Suppose h + 0*b = 5*b - 94, -h = -b + 78. Let c = h - -82. Give i(c).
-4
Let h = -2593 - -2593. Let y(q) be the second derivative of q + h - 11/6*q**3 + 0*q**2. Give y(-1).
11
Let m(j) = j - 5. Let i(l) = -46*l